 r be c(-35). What is y(r)?
11
Let l(n) = n**2 + 2*n - 1. Suppose -1417 = 4*i + b - 212, 5 = -b. Let u = -307 - i. What is l(u)?
34
Let v(a) = 6*a + 6*a - 4 - a**2 - 3*a - 4*a. Suppose 11 = 6*b + 59. Let g be 8 + (0 - -4) + b. Give v(g).
0
Let y(u) = u + 1. Let l be y(-1). Let g(z) = -13*z - 1. Let h be g(-3). Let d(w) = h*w**2 - 37*w**2 + 2*w - 3*w + 14 + w**3. Give d(l).
14
Let t(n) be the first derivative of -n**4/4 + 4*n**3/3 + n**2/2 + 5*n - 27317. Let k(p) = -p**3 - p**2 - 2*p - 3. Let q be k(-2). Determine t(q).
-15
Let f(p) = 343*p + 12. Let v be f(-1). Let q = v - -333. Let z(s) = -2*s**2 + 3*s - 1. Calculate z(q).
-3
Let o(h) = -3*h**2 + 27*h. Let a be (-33)/(-121) + (-7 - 585/(-33)). Calculate o(a).
-66
Let z(x) be the third derivative of -11*x**4/24 + x**3/6 - 3*x**2. Suppose 0 = -112*w + 110*w + 4. Calculate z(w).
-21
Suppose 385 = 2*l - v + 6*v, 2*l = 3*v + 361. Let m be 148/l + (-1)/(-5). Let z(n) = -15*n + 1. Determine z(m).
-14
Let d(b) be the third derivative of -3*b**5/20 + b**4/24 + b**3/2 + 61*b**2. Let x(t) = 1. Let j(q) = -d(q) + 3*x(q). Calculate j(-1).
10
Let u(y) = -2*y**2 + 6*y. Let b(c) = -15*c**2 + 28*c - 3. Let n(l) = 2*b(l) - 14*u(l). Calculate n(0).
-6
Let b(q) = 13*q**2 - 21*q - 5. Let z = 349 + -354. Let o(f) = -8*f**2 + 10*f + 2. Let c(k) = z*o(k) - 3*b(k). What is c(-13)?
5
Let b(d) = -d**2 - 5*d + 26. Suppose -1349 + 439 - 916 = 166*j. Calculate b(j).
-40
Let g(z) = -z + 15. Let d be (36/(-27))/((-8)/(-252)). Let r be (1*-21 + 1)*d/105. Determine g(r).
7
Let a be (-6)/(3 - 6) + -7 + 9. Let u(j) = 4*j - 18. Give u(a).
-2
Suppose -2*s - 3*v + 42 = 0, 3*s - 67 = -v - 32. Let a(m) = m**3 - 8*m**2 - 3*m - 50. Give a(s).
4
Let j(o) be the first derivative of -o**4/2 + 13*o**3/3 - 4*o**2 + 18*o - 3463. Determine j(6).
6
Let l(z) = -7*z - 81. Let t be l(-12). Let d(q) = -20 + q**t + 3*q**2 - 8*q + 18 + 6*q. Determine d(-2).
6
Let i = -1664 + 1682. Let p(l) = 3*l**2 - 53*l + 11. What is p(i)?
29
Let r be 320/(-170) - -2 - (-159)/(-51). Let h(m) = -5*m**2 + 5*m + 21. Calculate h(r).
-39
Let u(v) = -2*v - 25. Suppose -154 = 5*p + 6*p. Let b be u(p). Let q(g) = 2*g + 1. Let s(t) = -4*t - 2. Let z(m) = 13*q(m) + 6*s(m). Determine z(b).
7
Let h(a) = 3*a + 2. Suppose 16*y - 79 = 97. Suppose -4*x = c - 4, 4*c = 5*x - y + 6. What is h(x)?
5
Let u(z) = z**2 + 16*z - 26. Suppose 2136*s = 2157*s + 357. What is u(s)?
-9
Let t(h) = 5*h**2 + 2*h - 1. Suppose 3*r + 17 = -v, -59*v = -54*v + 40. What is t(r)?
38
Let w(j) = -j**3 + 38*j**2 + 40*j - 36. Let n be w(39). Let l(q) = -31*q - 5*q**3 + 2*q**n + 54*q - 24*q. Give l(-1).
4
Let y(i) = 3*i - 3. Let x(m) = 3*m + 16 - 5*m + 6. Let s = 470 + -460. Let b be x(s). Calculate y(b).
3
Let y(n) = 92*n - 400. Let r be y(5). Let x be r/(-105) - 8/(-14). Let w(v) = -v**2 - v + 1. Calculate w(x).
1
Let x = -166 + 210. Suppose -3*p = -5*n - x, 3*n = -3*p - 18 + 6. Let s(d) = -d**3 - 8*d**2 - 7*d + 4. Calculate s(n).
4
Let t(c) = -c**2 + 5*c - 58. Let m(z) = -2*z + 28. Let y(w) = -7*m(w) - 3*t(w). Let u(b) be the first derivative of y(b). What is u(-1)?
-7
Let p(q) = q**3 + 54 + 54*q + 13*q**2 + 54*q - 2*q**3 + 2*q**3 - 105*q. What is p(-13)?
15
Suppose -38 = -2*g - 2*f, 3*g - 2*f - 302 = -245. Let o(c) = 2*c**2 - 36*c - 34. What is o(g)?
4
Let n(t) = 8*t**3 - t**2 - 5*t - 4. Let j = -19389 - -19388. Calculate n(j).
-8
Let q(j) = 5*j**2 - 8*j - 2. Let c = -214 + 207. Let a(l) = -9*l**2 + 15*l + 3. Let i(h) = c*q(h) - 4*a(h). Give i(6).
14
Let p(f) be the second derivative of -4*f**3/3 - 28*f**2 - 2*f - 327. Calculate p(-19).
96
Let m(q) = -3 + 7 + 19*q - 3 + 7 - 13*q. Give m(2).
20
Let d(s) = -5*s**2 + 19*s + 73. Let x(w) be the first derivative of w**3 - 13*w**2/2 - 47*w - 60. Let o(u) = 5*d(u) + 8*x(u). Calculate o(-10).
-21
Let m = -301 - -296. Let q(p) = 3*p - 21. Let i(r) = -7*r + 45. Let w(d) = m*q(d) - 2*i(d). Calculate w(7).
8
Let f(t) = -t + 1 + 5*t + 2. Let v(o) be the third derivative of o**6/120 + 13*o**5/60 + 11*o**4/12 - o**3/3 + 128*o**2. Let g be v(-11). What is f(g)?
-5
Let m be -8 + (1 - 2) + 2. Let a = -79 - -89. Let l(i) = -5*i + 6 - 11*i**2 + a*i**2 + 0. Calculate l(m).
-8
Let u = 4 - 7. Let m(l) = 10*l - 31. Let s(n) = 27*n - 87. Let x(f) = -11*m(f) + 4*s(f). Calculate x(u).
-1
Let o(i) = 5*i**2 + 2*i - 3. Let r be o(1). Suppose r = 4*m - 2*m. Let c(g) = -g**m + 6 + 1 - 18*g**3 + 4 - 10. Calculate c(1).
-18
Let u(d) = -d**3 + 2*d**2 + 3*d - 1. Suppose -98*n - 65 = -111*n. Suppose -18 = n*b + b. What is u(b)?
35
Let t(x) = 4*x**2 - 27*x - 8. Let p(y) = -3*y**2 + 18*y + 5. Let n(f) = -7*p(f) - 5*t(f). Let k(s) = -s**3 + 6*s**2 + 8*s - 15. Let z be k(7). Give n(z).
-3
Let x(n) = -17*n**3 - 9*n**2 + 2*n + 9. Let y(c) = -23*c**3 - 9*c**2 + 4*c + 7. Let k(a) = 4*x(a) - 3*y(a). Determine k(6).
-117
Suppose -6*o + 46 = -74. Suppose 4*w + o = 0, -2*j + 16 = -2*w - 8. Let t(y) = -7*y**2 - y**3 + 4 + 7*y - 5 + 13*y**2. Calculate t(j).
-1
Let j(d) be the second derivative of 2*d**3/3 + 55*d**2/2 - 59*d - 6. Determine j(-15).
-5
Let p be (-7)/(-49)*0 - 1. Let j(x) = -5*x + 19. Let q(r) = -r + 3. Let b(w) = p*j(w) + 4*q(w). What is b(3)?
-4
Let i(g) = -3*g - 2. Suppose 0 = -41*p + 37*p - 5*m + 54, -57 = -5*p - m. What is i(p)?
-35
Let k = 8883 + -8887. Let x(v) = 7*v**2 - 5*v - 15. Determine x(k).
117
Let t(p) = p**3 + 10*p**2 - 9*p. Suppose r - 4*a + 0*a + 31 = 0, 0 = 2*r - 4*a + 42. What is t(r)?
-22
Let w(k) be the third derivative of 11*k**6/60 + k**5/30 - k**4/12 + k**3/6 - 3*k**2 + 10*k + 33. Suppose y = -y + 2. Give w(y).
23
Let w(m) = -7*m**3 - 3*m**2 + 5*m + 7. Let a(i) = 11*i**3 + 4*i**2 - 7*i - 10. Let n(u) = -5*a(u) - 8*w(u). Let k be ((-30)/4)/(87/58). Give n(k).
-6
Let d(i) = -4 - 6*i**2 + 1 + i**3 + 0*i**3 + i. Let s = -9958 - -9964. What is d(s)?
3
Let t(x) = 1. Suppose 12 = 5*h - s, -2*h + h - 6 = -3*s. Let u(o) = o**2 - 3. Let m(c) = h*t(c) + u(c). Calculate m(-2).
4
Let o = -78 + 78. Let h be (o + (-5)/(-3))/((-1)/(-15)). Let l(z) = -h*z + 29*z + 5 + 7*z + z**2. Give l(-10).
-5
Let l(m) = -m**3 - 4*m**2 - 4. Suppose -5*b + b = 48. Let j be 2/(b/4 + 1 + 1). Let z be j/4*0 - (4 - 0). Give l(z).
-4
Let i(o) = o**3 - 11*o**2 + 19*o - 11. Let w(p) = -325*p - 3891. Let m be w(-12). Calculate i(m).
-2
Suppose -k = -5*a + 2*a - 16, -3*k - 3*a = 0. Let x = 208 - 203. Let q(n) = 1 - 3*n - 2 + x + n**3 + 0 - 44*n**2 + 40*n**2. Determine q(k).
-8
Let r(w) = 2*w**2 - 40*w - 128. Let f be r(-3). Let n(g) = -g - 16. Give n(f).
-26
Let c = 30 + -27. Suppose c*r = -5*f + 30, 0 = r + 3*r. Suppose -2*v = -8, -2*y + f = 2*v - 4. Let h(k) = 8*k**3 + k**2 - k. Calculate h(y).
8
Suppose 0 = -6*i - 6*i + 1416. Let k = 110 - i. Let j(h) = 1 - 3*h**2 - h**3 - 4*h**2 - 3 + 7*h - 3. What is j(k)?
3
Let y(k) = 8*k - 130. Let g(h) = 3*h - 53. Let r(z) = 5*g(z) - 2*y(z). Determine r(-15).
10
Let a = 7721 - 7718. Let r(s) = 1. Let w(x) = x + 8. Let l(i) = -4*r(i) + w(i). What is l(a)?
7
Let j(o) = 5*o - 2. Suppose 25*u + 16*u - 252 = 5*u. Determine j(u).
33
Let q(j) = -43*j - 14. Let k be q(0). Let r(w) = -6*w**3 - w**2 - 16*w + 6. Let b(d) = d**3 + 2*d - 1. Let a(v) = k*b(v) - 2*r(v). Give a(-2).
18
Suppose 35 = -3*b + k, 4*k + 66 - 19 = -5*b. Let j(y) = -y**2 - 11*y. Calculate j(b).
0
Let r = 14 + -11. Let s = r + 3. Let z(h) be the second derivative of h**4/12 - 2*h**3/3 + 3*h**2/2 - 10*h. Determine z(s).
15
Let r(l) = -2*l**2 - 13*l - 1. Let g(m) = -2*m**2 - 85*m - 170. Let d be g(-2). Determine r(d).
-25
Let d(s) be the first derivative of -s**5/20 - s**4/12 - s**3/6 - 5*s**2/2 - 221*s - 4. Let r(h) be the first derivative of d(h). What is r(0)?
-5
Let l(j) be the second derivative of -7*j**3/3 - 73*j**2 + 2*j + 751. What is l(-11)?
8
Let w(j) = -3*j + 12. Suppose 77*t = 86*t + 63. Let i(h) = h**3 + 9*h**2 + 12*h - 9. Let b be i(t). What is w(b)?
-3
Let b(h) = h**2 - 8*h - 539. Let i be b(28). Let u(q) = q**3 - 19*q**2 - 38*q - 74. Calculate u(i).
10
Let j(o) = 10 + 5*o + 17549*o**2 - 17539*o**2 + 7*o + o**3. Determine j(-9).
-17
Let o be (0/2 - 14/(-3)) + 3850/(-5775). Let c(x) = 3*x**2 - 9*x + 12. What is c(o)?
24
Let k(d) = -d**3 - d - 2. Suppose 22*i + 457 + 643 = 0. Let t be (-2 - 95/i) + 38/(-20). Give k(t).
8
Let j(h) = -h**2 - 30*h + 263. Let u be j(-37). Let n(t) = t**3 - 5*t**2